pose 2*i - 5*c - 325 = 0, -303 - 341 = -4*i + 4*c. Suppose 4*h = -4*l + i, -h + 110 = 4*l - l. Is l a prime number?
False
Is (-168018)/(-90) - 4/(-30) a prime number?
True
Let t be -3 - (-3 - (-9)/(-3)). Is (50/t)/(6/9) composite?
True
Suppose 12 = 3*t, -p + 4*t = -175 + 12. Is p prime?
True
Let w = 79 + 139. Is w composite?
True
Suppose -5*z + 1910 = 3*w, -4*w - 1157 = -3*z - 8*w. Is z a composite number?
False
Let u(g) = 2*g**2 + g + 1. Let t be u(-1). Is 2*(t*10 - 1) a composite number?
True
Let g(s) = s**3 + 16*s**2 - 4*s - 8. Is g(-13) composite?
True
Let l = 1295 + -54. Is l a prime number?
False
Suppose 0 = -4*x + 5*k + 2749, x - 703 = -3*k - k. Is x a prime number?
True
Let c be 7/(7/(-2))*5. Is 826/10 + (-4)/c a prime number?
True
Let i = -8 - -22. Let j be 1*-2*i/(-4). Is 184/j + 4/(-14) a prime number?
False
Let c = -32 - -88. Suppose -3*a - 1 = 5, -5*a - c = -2*d. Is d a prime number?
True
Let g(w) = 12*w**2 + 7*w + 21. Is g(-10) prime?
True
Let j(o) be the first derivative of 3*o**2 - 5*o - 2. Is j(5) a composite number?
True
Let p be (-5)/(1/1*-1). Let y = p - 1. Suppose y*l = 6*l - 134. Is l prime?
True
Let j = 10 - 10. Let y(a) be the third derivative of a**4/24 + 23*a**3/2 + 2*a**2. Is y(j) composite?
True
Let a(b) = -62*b + 9. Is a(-4) composite?
False
Let r(i) be the third derivative of i**5/60 - i**4/4 - i**3/6 + i**2. Let p be r(5). Let k = 9 + p. Is k a prime number?
True
Let y(t) = -t**3 - t + 53. Let l be y(0). Let o = l + -113. Let a = 73 - o. Is a a composite number?
True
Let w(a) = a**3 - 3*a**2 - 3*a. Let c be w(4). Let k be 3/(c - -2)*14. Let m(u) = u**2 + u - 3. Is m(k) prime?
True
Is 112/1 + 1 + 2 composite?
True
Suppose 0 = -3*t - y + 1 + 7, -4*y + 25 = 5*t. Let h be (t - 17)*15/(-12). Is h/12*21*1 a prime number?
False
Let d be (-69)/(-18) + 1/6. Let j = -1 - d. Let b = j - -8. Is b composite?
False
Let c(t) = 14*t - 89. Is c(11) composite?
True
Let h be (-1)/(3/(-15)) - 0. Suppose -2*b + 4*b + 41 = h*w, -3*w + 3*b = -30. Is w a prime number?
True
Let a = -3471 - -5864. Is a prime?
True
Suppose -824 - 336 = -5*q. Let k = 7 + q. Is k a prime number?
True
Suppose -3024 = -2*k + 2*b + 5188, 4*k = b + 16421. Is k composite?
True
Suppose -2*g + 44 = 2*m, 3*m + 15 + 19 = 2*g. Suppose 2*q - g = 18. Is q a composite number?
False
Suppose 0 = -q - q + 28. Let m(p) = 3*p**2 - p - 11. Is m(q) a prime number?
True
Suppose 5*s + 400 - 26 = 3*p, -5*p + 5*s + 640 = 0. Is p composite?
True
Let x(u) = 3*u**3 - 3*u**2 - 7*u - 2. Let p = -9 + 14. Is x(p) a composite number?
False
Suppose -2*r = 3*l - 2866, 0 = -4*l + l - 4*r + 2858. Is l composite?
True
Let x(v) = 26*v + 3. Let q = 3 + 5. Is x(q) a prime number?
True
Suppose 5*m = -4*z - 862, 4*z = 3*m + 2*z + 504. Let g be (8/(-5))/(4/m). Suppose -2*w + 4*s = s - g, s = 2. Is w a composite number?
False
Let o = 1000 - 2719. Is o/(-15) + (-2)/(-5) a prime number?
False
Is 20119/99 + 2/(-9) prime?
False
Suppose 4*z - 4172 = -0*z. Is z a composite number?
True
Is ((-382)/4)/(6/(-12)) prime?
True
Let s = -64 + 117. Suppose 5*x - 52 = -3*b, 0 = 2*b - 4*x + 11 - s. Is b a prime number?
True
Let z = -2737 + 4296. Is z prime?
True
Suppose 4*m - m - 1668 = 3*a, 5*a = -25. Is m a prime number?
False
Let f(l) = -l**3 - 14*l - 2. Let x(u) = 2*u**3 - u**2 + 27*u + 4. Let n(r) = 11*f(r) + 6*x(r). Let q be n(6). Let a = q + -27. Is a a prime number?
True
Let y(g) = -g**2 - g + 42. Let f be y(0). Suppose q - 3*s - 42 = 0, q + 2*s - f = 6*s. Is q - 0 - 1 - -2 a composite number?
False
Let m = -4 - -7. Let k(p) = 3*p - 1 - 8*p**m - 4*p - 4*p**2 - 2*p. Is k(-2) a composite number?
False
Let w(t) = -t**3 + 4*t**2 + 14 + 2*t**3 - t - 3*t**2 - 2*t**2. Is w(0) prime?
False
Is 31999/99 - -4*(-1)/18 prime?
False
Suppose 24 = -5*g + z - 8, 10 = -g + 2*z. Is 4/2*(-159)/g a prime number?
True
Is 4571 + (5 + -5)/(-4) composite?
True
Let k(m) = -m**2 - m + 2. Let y be k(0). Suppose -2*h = y*h - 796. Is h a composite number?
False
Suppose 27*g = 21*g + 4146. Is g composite?
False
Let z = -6 + 9. Is 255 - (3 - z) - -2 a prime number?
True
Let x(u) = u**3 + 5*u**2 + 6*u - 3. Let p be x(-5). Let s = 62 + p. Let j = 66 - s. Is j a composite number?
False
Suppose 5*u = -4 + 49. Suppose 4*h - 635 = u. Is h prime?
False
Suppose 3*j - 4 = d + 210, -5*j + 353 = 2*d. Is j prime?
True
Let y(v) = 54*v**2 + v. Is y(1) composite?
True
Let y(p) = 46*p**3 + p - 4*p**2 + 16*p**3 + 3*p**2. Is y(1) composite?
True
Let n = -7 + 10. Suppose 0 = 2*h - 5*u - 45, -4*u - 50 = -0*h - n*h. Is h a prime number?
False
Is (-136)/(-6) + (-4)/(-12) a composite number?
False
Let h(t) be the first derivative of -t**4/4 + t**3/3 - 2*t**2 - t + 1. Let x = -21 + 17. Is h(x) composite?
True
Suppose -5*k + 3*y + 86 = 0, 2*k + 5*y - 25 = -3. Suppose -4 = 4*a - k. Suppose -a*b = -5*b + 70. Is b prime?
False
Let c(s) = -87*s + 2. Is c(-3) prime?
True
Let t(b) = -7*b**3 - 3*b**2 + 3*b + 2. Let h(x) = -13*x**3 - 5*x**2 + 5*x + 3. Let p(f) = 6*h(f) - 11*t(f). Is p(-5) a prime number?
True
Suppose 0 = t + 8 - 0. Let l = -5 - t. Suppose 4*m - 41 = j + 3, 2*m - 8 = -l*j. Is m composite?
True
Let g(m) be the first derivative of m**4/4 - m**3/3 + 5*m**2/2 + m - 5. Is g(6) a prime number?
True
Suppose -376 = -5*v + 2*l + 481, 527 = 3*v + 2*l. Suppose -i + v = -36. Is i composite?
True
Let o(l) = 3 - 9*l**2 + 9*l**2 - l**3 + 5*l. Is o(-3) a composite number?
True
Let h = 16 + -10. Suppose -h*l + 5*n + 33 = -2*l, -2*l = -5*n - 19. Is l prime?
True
Let x(m) = 57*m**3 - 2*m**2 - 4*m - 12. Is x(5) a composite number?
False
Suppose -o = o - 10. Suppose -761 + 156 = -o*u. Is u composite?
True
Suppose 179 = 5*f - 261. Suppose 0 = -4*d - 0*d + f. Is d a prime number?
False
Suppose -5*c - 20 = -5*m, -4*c - c - 5*m - 60 = 0. Let z = 13 + c. Suppose 92 = z*h - 3*i, 0 = 4*h + i - 102 + 25. Is h a composite number?
False
Let x(q) = -3*q**3 - q. Let w be x(-1). Let u = w - -1. Suppose 0 = h + 5*z - 27, 0 = 6*h - u*h + 4*z - 23. Is h composite?
False
Let r = -1 + 1. Suppose 0*w - w + 47 = r. Is w a composite number?
False
Let m(f) = 2*f**3 + 3*f**2 - 6*f + 2. Let x be m(5). Let b = -32 + x. Is b a composite number?
True
Let q(z) = z - 7. Let y be q(-5). Let o = 407 - y. Is o prime?
True
Let l be (-14)/(-18) + 4/18. Let k(x) = 2*x. Let b be k(l). Suppose b = 2*f - 10. Is f prime?
False
Let y(r) = r**3 + 5*r**2 - 2. Let j be y(-4). Let a = 88 - j. Is a a composite number?
True
Let l(a) = -146*a - 3. Is l(-1) composite?
True
Let b be 2 + -5 - (-3 - 5). Suppose 0*t + 815 = b*t. Is t a prime number?
True
Let c(q) = -2*q**2 + 13*q + 8. Let d(x) = -3*x**2 + 13*x + 7. Let s(k) = 5*c(k) - 4*d(k). Let n = 19 + -28. Is s(n) a composite number?
True
Let j = 60 + -1. Is j a prime number?
True
Suppose 0 = -3*p - 2*p + 425. Is p prime?
False
Suppose 4*b + 3*z = 2573, 0 = 4*b - 4*z - 2286 - 266. Is b composite?
False
Suppose 2 = b - 2*b, 0 = -5*k + 4*b + 2863. Is k prime?
True
Let s(f) = f**3 + 16*f**2 + 20*f - 7. Is s(-10) a prime number?
False
Let y(p) = 22*p + 1. Let g = 14 + -11. Is y(g) a composite number?
False
Let z(g) be the second derivative of g**4/2 - g**3/6 + 3*g**2 - 8*g. Is z(7) composite?
False
Let f(d) be the first derivative of -57*d**2/2 - 2*d + 3. Let g be f(-3). Let b = g + -95. Is b a prime number?
False
Let f = 8 - 4. Suppose 160 = l + f*l. Let g = 241 - l. Is g composite?
True
Let l be (-9)/(-2)*624/(-9). Let k = l + 603. Is k a composite number?
True
Let w = 12 - 4. Is w/(-12) - 119/(-3) composite?
True
Suppose 4*d + 2*w - 7*w = 11, 0 = -2*d + w + 7. Suppose -d*c + 604 = -392. Is c a composite number?
True
Let j be 5/15 + 56/3. Let c be 0 + j - -2 - 2. Is 1*(-2 - -2) + c a prime number?
True
Let d be -3 + 4/(8/6). Suppose d*k = -k. Suppose 3*x = -5*j + 24 + 176, k = 4*j + 2*x - 158. Is j prime?
True
Let a(p) = -9*p + 2. Let j be a(2). Let v(b) = -b**3 - 13*b**2 + 19*b + 15. Is v(j) composite?
False
Let i be -6 + -3 + (1 - -2). Is 0 - (-573)/i*-2 composite?
False
Is 1 + (3 - -1058) + -1 a composite number?
False
Let k(b) = 2 - 5 - 4*b + 12*b + 40*b. Is k(3) a prime number?
False
Suppose n - 44 = 67. Suppose -5*q + 2*l = -488 - 91, 2*l = -q + n. Is q composite?
True
Let b be 0 + 21 + -4 + 0 + 1. Let h be 2/4 - 82/4. Is (h/(-6))/(4/b) a prime number?
False
Let i = 